?
8
Let q = -4 + -6. Let x(k) = k**2 - k. Let r be x(q). Calculate the greatest common divisor of 11 and r.
11
Let w = 0 - -4. Suppose -4*d + 0*d = -60. Let v = d - w. Calculate the highest common factor of v and 22.
11
Let j = -17 - -5. Let q = 1 - j. Calculate the highest common divisor of q and 39.
13
Let p(g) = 4*g - 14. Let q be p(11). What is the highest common divisor of 6 and q?
6
Let a(q) = -q**3 - 5*q**2 + q + 7. Let n be a(-5). Suppose -n*h = -4*h + 72. Calculate the highest common divisor of 90 and h.
18
Suppose 5*f = -182 + 622. Calculate the highest common divisor of f and 8.
8
Suppose -4*s + 2*b = -48, -b - 41 = -5*s + 25. Let d = -135 + 205. Calculate the greatest common factor of d and s.
14
Let p = -1 - -3. Let o(w) = 3*w - 3. Let f be o(2). Suppose -f*x + p*g = -41, -39 = -0*x - 3*x + 3*g. Calculate the greatest common factor of x and 45.
15
Let l(v) = v**2 - 20*v + 56. Let c be l(18). What is the highest common factor of 160 and c?
20
Let l(f) = -f**2 + f + 57. Let a be l(0). Let y = -60 + 98. Calculate the greatest common divisor of a and y.
19
Let n be 10/6 - (-2)/(-3). Let r be (-1 + n)*1 + 12. What is the greatest common factor of r and 60?
12
Let v = 113 - 50. What is the highest common factor of v and 9?
9
Let a(f) = 4*f**2 + f - 3. Let g be a(-2). What is the highest common factor of 33 and g?
11
Let b(o) = -o**2 - 10*o + 23. Let z be b(-7). What is the greatest common factor of 4 and z?
4
Let z be (32/12)/((-4)/(-90)). Suppose 2*c - z = -3*c. Calculate the greatest common factor of c and 132.
12
Let a = 2 + -2. Suppose t = a, 0*z + 2*z - 2*t = 4. What is the greatest common factor of z and 14?
2
Suppose 2*v + 7 = -3*u + 5, -3*u - 4 = v. Let i be (-2)/(v/(-143) - 0). Calculate the greatest common factor of 13 and i.
13
Suppose 2*u - 18 = -2*c, -2*u - 2*c + 16 = 2*c. What is the highest common factor of 20 and u?
10
Let z(l) = l**3 - 3*l**2 - l - 7. Let b be z(4). Let m be ((-16)/(-6))/(4/30). Calculate the greatest common divisor of b and m.
5
Suppose 12*a - 3*a = 72. What is the highest common divisor of 8 and a?
8
Suppose -3*q = -y + 2*q - 16, -2*y = q - 12. Suppose 0 = -r - y + 7, 0 = 3*i + 4*r - 36. What is the greatest common factor of 24 and i?
8
Let a = 105 - 1. Calculate the greatest common factor of a and 26.
26
Suppose 3*d + 0*d + 4*y - 31 = 0, 0 = d + 3*y - 7. Calculate the highest common divisor of d and 13.
13
Let o = -37 - -62. Suppose 5*k + 0*k - o = 0. Suppose 0 = k*r - d - 46, -3*d = -0*r + 3*r - 24. What is the highest common factor of 3 and r?
3
Let r = -185 + 441. What is the highest common divisor of r and 32?
32
Suppose 0 = v - 12. What is the greatest common factor of 12 and v?
12
Let n = 13 + 2. What is the highest common divisor of n and 75?
15
Let t(h) = -3*h - 3. Let d be t(-5). Suppose -3*y - 2*v + 321 = -v, 0 = y - 5*v - 123. Calculate the highest common factor of d and y.
12
Let b(p) = 2*p**2 - 18*p + 36. Let o be b(2). Let d = -6 - -8. Let v be 0 - -14 - 0 - d. What is the greatest common divisor of o and v?
4
Suppose -p + 4 = -h, 0*p + 2 = -p - 2*h. Let n = -8 + 7. Let d = 3 + n. What is the highest common factor of d and p?
2
Let u(m) = -m**2 - 6*m - 1. Suppose 0 = -p - 6 + 1. Let i be u(p). Suppose 4*r = q - 22, i*q = 5*r + 16 + 17. What is the highest common divisor of 10 and q?
2
Let m = -15 - 13. Let f be (3 + m + -1)/(-2). What is the greatest common divisor of f and 39?
13
Let y be 4/12 - (-50)/3. Let x = 3 - 2. Let r be ((-2)/2)/(x/(-17)). Calculate the highest common divisor of y and r.
17
Suppose 5*j = -2*q + 51, 4*j + 5*q - 57 = -6. What is the highest common factor of j and 6?
3
Suppose y = -0*y + 11. Let b = 10 + y. Let n = b + -12. What is the highest common divisor of 36 and n?
9
Let w be (-16)/3*(-18)/4. Let v(g) = -g**3 - 7*g**2 - 5*g + 5. Let c be v(-6). Let f be 17 - (c + 2 - 0). What is the greatest common divisor of w and f?
8
Let s be 2/4 - 108/(-8). Calculate the highest common factor of 35 and s.
7
Suppose -639 = -0*k + 3*k. Let r = 340 + k. Let x = r - 87. Calculate the highest common divisor of x and 20.
20
Let j be ((-6)/(-1) - 3) + 105. Let a(u) = u - 5. Let d be a(7). Suppose 4*m - d*m - 24 = 0. What is the greatest common divisor of m and j?
12
Suppose 4*y = y + 6. Suppose -2 = o - y*o. What is the greatest common divisor of o and 22?
2
Let k = 17 + -15. Let d be 44/k + (3 - 1). What is the greatest common divisor of d and 6?
6
Suppose -4*t + 57 = 3*m, m + 2*t - 19 = -2*t. Calculate the greatest common divisor of m and 190.
19
Suppose 4*c = 3*h, 0 = 4*h - 3*c + 2*c. Suppose 3*s = -h*s + 6. Suppose 0 = -n - 2*l - 0*l - s, -3*l = -n + 23. What is the greatest common factor of n and 24?
8
Suppose 3*z = -47 + 131. Calculate the greatest common divisor of z and 7.
7
Let f = 146 + -69. What is the greatest common divisor of f and 11?
11
Let x = -35 + 54. What is the greatest common factor of 380 and x?
19
Suppose -12 = 6*a - 2*a. Let r(z) = z**3 + 5*z**2 - z - 1. Let t be r(a). Let k = 39 + -31. What is the greatest common divisor of k and t?
4
Let a(r) = -r**2 + 3*r + 4. Let n be a(3). Suppose 0 = j - n*j + 6. Suppose j*o - 10 = 26. What is the highest common divisor of 12 and o?
6
Let n = 216 - 141. Suppose -2*i - 27 = 5*b - n, 2*i = 4*b + 12. Let g = 4 - -3. Calculate the greatest common factor of g and i.
7
Suppose 4*b + 3*d - 55 = 0, -2*b + 5*d - 2*d + 41 = 0. What is the greatest common divisor of b and 2?
2
Let j = -26 - -40. Suppose -3*g - n + 252 = 3*n, -4*n = 0. Calculate the greatest common factor of g and j.
14
Let u be 12/(-32)*2*-4. Suppose 0 = -u*s + 30 + 6. Calculate the highest common divisor of 108 and s.
12
Let l = 6 + -2. Calculate the highest common factor of 52 and l.
4
Let t = 53 - 28. Suppose 3*y - t = -2*y. What is the highest common divisor of y and 15?
5
Suppose k = 4*h - k - 718, 3*k = 5*h - 897. Suppose -4*x + 264 = -2*w, 3*x + 7*w - h = 4*w. Suppose t = -3*t + x. What is the greatest common factor of t and 8?
8
Suppose -5*n = 2*o - 7*o + 40, -3*n = -o + 26. Let b be 8*(n/4)/(-3). Calculate the greatest common divisor of 3 and b.
3
Suppose -2*l + 91 = -g, 245 = 5*l + 5*g - 20. Suppose -3*u = -16 - 2. Calculate the greatest common divisor of u and l.
6
Let n(i) = i**3 - i**2 + 2. Suppose -8 = -2*s - 4*p, 5*p = 4*s + p + 8. Let k be n(s). Suppose 5*q = 18*q - 52. What is the greatest common factor of q and k?
2
Suppose 3*x + 23 = -3*y - 10, 2*y - 3 = 3*x. Let f = 54 + y. Calculate the highest common factor of f and 6.
6
Let m(s) = 2*s**3 - 3*s**2 + s. Let v be m(3). Calculate the greatest common divisor of v and 12.
6
Suppose -103 = m + m + 3*l, 0 = -2*l - 10. Let u = 28 - m. Let i(j) = 2*j**2 - 4*j - 4. Let a be i(4). Calculate the greatest common divisor of a and u.
12
Let k be -1 + 4 - 4/2. Suppose 3*t + 10 = -3*z + 4*t, 6 = z - 5*t. Let c be 10 - (z/2 + 3). What is the greatest common factor of c and k?
1
Let x(q) = 3*q - 20. Let b be x(9). What is the highest common factor of b and 14?
7
Let y = 10 + -6. Suppose -2 = -y*l - g + 53, g = -5. Calculate the highest common divisor of 135 and l.
15
Let r be ((-3)/(-12))/(-1) - (-1736)/32. Calculate the highest common divisor of r and 27.
27
Let y be 2/(-3 - -7)*-2. Let n(t) = -7*t - 10*t - 8*t - 1. Let m be n(y). Calculate the highest common factor of m and 12.
12
Let x(c) = 143*c**2 + 1. Let q be 1/(-5) - 18/(-15). Let t be x(q). What is the greatest common factor of t and 16?
16
Let j = -20 - -34. Suppose -q = -3*q + 1688. Let w be q/6 - 4/6. What is the greatest common divisor of j and w?
14
Let o be ((-21)/4)/((-15)/40). Suppose 0 = 4*c - 12, 4*c - 142 = 3*u - 466. What is the highest common factor of o and u?
14
Let z be 3/1 + (-8 - -4). Let b be 3*(z - (-107)/3). Let c = 20 - 7. Calculate the highest common divisor of c and b.
13
Suppose 0 = 23*s - 14*s - 72. Calculate the greatest common factor of s and 28.
4
Let q be (1 - 2)/(2/(-8)). Calculate the highest common divisor of q and 12.
4
Let m be (-3080)/21*(-3)/2. Suppose -5*r = -0*r - m. What is the greatest common factor of 4 and r?
4
Suppose 3*u = 4*r - 563, 5*u = 4*r - 3*r - 145. Suppose 2*f - 100 = -3*f. What is the greatest common factor of f and r?
20
Suppose -2*z + 3*z = 49. Let l = z + -4. What is the highest common